{"id":531,"date":"2024-11-09T11:50:11","date_gmt":"2024-11-09T10:50:11","guid":{"rendered":"https:\/\/trgovina-matematika.otroci.org\/index.php\/kosarica\/"},"modified":"2024-11-10T17:24:55","modified_gmt":"2024-11-10T16:24:55","slug":"kosarica","status":"publish","type":"page","link":"https:\/\/trgovina-matematika.otroci.org\/index.php\/kosarica\/","title":{"rendered":"Ko\u0161arica"},"content":{"rendered":"<div data-block-name=\"woocommerce\/cart\" class=\"wp-block-woocommerce-cart alignwide is-loading\"><div data-block-name=\"woocommerce\/filled-cart-block\" class=\"wp-block-woocommerce-filled-cart-block\"><div data-block-name=\"woocommerce\/cart-items-block\" class=\"wp-block-woocommerce-cart-items-block\"><div data-block-name=\"woocommerce\/cart-line-items-block\" class=\"wp-block-woocommerce-cart-line-items-block\"><\/div>\n\n<div data-block-name=\"woocommerce\/cart-cross-sells-block\" class=\"wp-block-woocommerce-cart-cross-sells-block\"><h2 class=\"wp-block-heading has-large-font-size\">Mogo\u010de bi vas zanimalo &#8230;<\/h2>\n\n<div data-block-name=\"woocommerce\/cart-cross-sells-products-block\" class=\"wp-block-woocommerce-cart-cross-sells-products-block\"><\/div><\/div><\/div>\n\n<div data-block-name=\"woocommerce\/cart-totals-block\" class=\"wp-block-woocommerce-cart-totals-block\"><div data-block-name=\"woocommerce\/cart-order-summary-block\" class=\"wp-block-woocommerce-cart-order-summary-block\"><div data-block-name=\"woocommerce\/cart-order-summary-heading-block\" class=\"wp-block-woocommerce-cart-order-summary-heading-block\"><\/div><div data-block-name=\"woocommerce\/cart-order-summary-coupon-form-block\" class=\"wp-block-woocommerce-cart-order-summary-coupon-form-block\"><\/div><div data-block-name=\"woocommerce\/cart-order-summary-totals-block\" class=\"wp-block-woocommerce-cart-order-summary-totals-block\">\n<div data-block-name=\"woocommerce\/cart-order-summary-subtotal-block\" class=\"wp-block-woocommerce-cart-order-summary-subtotal-block\"><\/div>\n<div data-block-name=\"woocommerce\/cart-order-summary-discount-block\" class=\"wp-block-woocommerce-cart-order-summary-discount-block\"><\/div>\n<div data-block-name=\"woocommerce\/cart-order-summary-fee-block\" class=\"wp-block-woocommerce-cart-order-summary-fee-block\"><\/div>\n<div data-block-name=\"woocommerce\/cart-order-summary-shipping-block\" class=\"wp-block-woocommerce-cart-order-summary-shipping-block\"><\/div>\n<div data-block-name=\"woocommerce\/cart-order-summary-taxes-block\" class=\"wp-block-woocommerce-cart-order-summary-taxes-block\"><\/div><\/div><\/div>\n\n<div data-block-name=\"woocommerce\/cart-express-payment-block\" class=\"wp-block-woocommerce-cart-express-payment-block\"><\/div>\n\n<div data-block-name=\"woocommerce\/proceed-to-checkout-block\" class=\"wp-block-woocommerce-proceed-to-checkout-block\"><\/div>\n\n<div data-block-name=\"woocommerce\/cart-accepted-payment-methods-block\" class=\"wp-block-woocommerce-cart-accepted-payment-methods-block\"><\/div><\/div><\/div>\n\n<div data-block-name=\"woocommerce\/empty-cart-block\" class=\"wp-block-woocommerce-empty-cart-block\"><h2 class=\"wp-block-heading has-text-align-center with-empty-cart-icon wc-block-cart__empty-cart__title\">Va\u0161a ko\u0161arica je trenutno prazna!<\/h2>\n\n<hr class=\"wp-block-separator has-alpha-channel-opacity is-style-dots\"\/>\n\n<h2 class=\"wp-block-heading has-text-align-center\">Novo v trgovini<\/h2>\n\n<div data-block-name=\"woocommerce\/product-new\" data-columns=\"4\" data-rows=\"1\" class=\"wc-block-grid wp-block-product-new wp-block-woocommerce-product-new wc-block-product-new has-4-columns\"><ul class=\"wc-block-grid__products\"><li class=\"wc-block-grid__product\">\n\t\t\t\t<a href=\"https:\/\/trgovina-matematika.otroci.org\/index.php\/izdelek\/matematika-4-razred\/\" class=\"wc-block-grid__product-link\">\n\t\t\t\t\t<div class=\"wc-block-grid__product-onsale\">\n\t\t\t<span aria-hidden=\"true\">Sni\u017eenje<\/span>\n\t\t\t<span class=\"screen-reader-text\">Proizvod na akciji<\/span>\n\t\t<\/div>\n\t\t\t\t\t<div class=\"wc-block-grid__product-image\"><img loading=\"lazy\" decoding=\"async\" width=\"300\" height=\"300\" src=\"https:\/\/trgovina-matematika.otroci.org\/wp-content\/uploads\/2024\/11\/Mat_trg_4.jpg\" class=\"attachment-woocommerce_thumbnail size-woocommerce_thumbnail\" alt=\"Radni list iz matematike za 4. razred osnovne \u0161kole. Uklju\u010duje vje\u017ebe eksponenata, prilago\u0111ene razini u\u010denika.\" srcset=\"https:\/\/trgovina-matematika.otroci.org\/wp-content\/uploads\/2024\/11\/Mat_trg_4.jpg 300w, https:\/\/trgovina-matematika.otroci.org\/wp-content\/uploads\/2024\/11\/Mat_trg_4-150x150.jpg 150w, https:\/\/trgovina-matematika.otroci.org\/wp-content\/uploads\/2024\/11\/Mat_trg_4-100x100.jpg 100w\" sizes=\"auto, (max-width: 300px) 100vw, 300px\" \/><\/div>\n\t\t\t\t\t<div class=\"wc-block-grid__product-title\">Matematika 4. razred<\/div>\n\t\t\t\t<\/a>\n\t\t\t\t<div class=\"wc-block-grid__product-price price\"><del aria-hidden=\"true\"><span class=\"woocommerce-Price-amount amount\">41,14&nbsp;<span class=\"woocommerce-Price-currencySymbol\">&euro;<\/span><\/span><\/del> <span class=\"screen-reader-text\">Izvorna cijena bila je: 41,14&nbsp;&euro;.<\/span><ins aria-hidden=\"true\"><span class=\"woocommerce-Price-amount amount\">28,80&nbsp;<span class=\"woocommerce-Price-currencySymbol\">&euro;<\/span><\/span><\/ins><span class=\"screen-reader-text\">Trenutna cijena je: 28,80&nbsp;&euro;.<\/span><\/div>\n\t\t\t\t\n\t\t\t\t<div class=\"wp-block-button wc-block-grid__product-add-to-cart\"><a href=\"?add-to-cart=638\" aria-label=\"Dodaj u ko\u0161aricu: &quot;Matematika 4. razred&quot;\" data-quantity=\"1\" data-product_id=\"638\" data-product_sku=\"\" data-price=\"28.8\" rel=\"nofollow\" class=\"wp-block-button__link  add_to_cart_button ajax_add_to_cart\">Dodaj u ko\u0161aricu<\/a><\/div>\n\t\t\t<\/li><li class=\"wc-block-grid__product\">\n\t\t\t\t<a href=\"https:\/\/trgovina-matematika.otroci.org\/index.php\/izdelek\/matematika-3-razred\/\" class=\"wc-block-grid__product-link\">\n\t\t\t\t\t<div class=\"wc-block-grid__product-onsale\">\n\t\t\t<span aria-hidden=\"true\">Sni\u017eenje<\/span>\n\t\t\t<span class=\"screen-reader-text\">Proizvod na akciji<\/span>\n\t\t<\/div>\n\t\t\t\t\t<div class=\"wc-block-grid__product-image\"><img loading=\"lazy\" decoding=\"async\" width=\"300\" height=\"300\" src=\"https:\/\/trgovina-matematika.otroci.org\/wp-content\/uploads\/2024\/11\/Mat_trg_3.jpg\" class=\"attachment-woocommerce_thumbnail size-woocommerce_thumbnail\" alt=\"Radni list iz matematike za 3. razred osnovne \u0161kole. Sadr\u017ei jednostavne zadatke za eksponente, uz prostor za unos rje\u0161enja.\" srcset=\"https:\/\/trgovina-matematika.otroci.org\/wp-content\/uploads\/2024\/11\/Mat_trg_3.jpg 300w, https:\/\/trgovina-matematika.otroci.org\/wp-content\/uploads\/2024\/11\/Mat_trg_3-150x150.jpg 150w, https:\/\/trgovina-matematika.otroci.org\/wp-content\/uploads\/2024\/11\/Mat_trg_3-100x100.jpg 100w\" sizes=\"auto, (max-width: 300px) 100vw, 300px\" \/><\/div>\n\t\t\t\t\t<div class=\"wc-block-grid__product-title\">Matematika 3. razred<\/div>\n\t\t\t\t<\/a>\n\t\t\t\t<div class=\"wc-block-grid__product-price price\"><del aria-hidden=\"true\"><span class=\"woocommerce-Price-amount amount\">41,14&nbsp;<span class=\"woocommerce-Price-currencySymbol\">&euro;<\/span><\/span><\/del> <span class=\"screen-reader-text\">Izvorna cijena bila je: 41,14&nbsp;&euro;.<\/span><ins aria-hidden=\"true\"><span class=\"woocommerce-Price-amount amount\">28,80&nbsp;<span class=\"woocommerce-Price-currencySymbol\">&euro;<\/span><\/span><\/ins><span class=\"screen-reader-text\">Trenutna cijena je: 28,80&nbsp;&euro;.<\/span><\/div>\n\t\t\t\t\n\t\t\t\t<div class=\"wp-block-button wc-block-grid__product-add-to-cart\"><a href=\"?add-to-cart=637\" aria-label=\"Dodaj u ko\u0161aricu: &quot;Matematika 3. razred&quot;\" data-quantity=\"1\" data-product_id=\"637\" data-product_sku=\"\" data-price=\"28.8\" rel=\"nofollow\" class=\"wp-block-button__link  add_to_cart_button ajax_add_to_cart\">Dodaj u ko\u0161aricu<\/a><\/div>\n\t\t\t<\/li><li class=\"wc-block-grid__product\">\n\t\t\t\t<a href=\"https:\/\/trgovina-matematika.otroci.org\/index.php\/izdelek\/matematika-2-razred\/\" class=\"wc-block-grid__product-link\">\n\t\t\t\t\t<div class=\"wc-block-grid__product-onsale\">\n\t\t\t<span aria-hidden=\"true\">Sni\u017eenje<\/span>\n\t\t\t<span class=\"screen-reader-text\">Proizvod na akciji<\/span>\n\t\t<\/div>\n\t\t\t\t\t<div class=\"wc-block-grid__product-image\"><img loading=\"lazy\" decoding=\"async\" width=\"300\" height=\"300\" src=\"https:\/\/trgovina-matematika.otroci.org\/wp-content\/uploads\/2024\/11\/Mat_trg_2.jpg\" class=\"attachment-woocommerce_thumbnail size-woocommerce_thumbnail\" alt=\"Radni list iz matematike za 2. razred osnovne \u0161kole. Fokusiran na vje\u017ebu eksponenata, s jasno ozna\u010denim prostorom za rje\u0161enja.\" srcset=\"https:\/\/trgovina-matematika.otroci.org\/wp-content\/uploads\/2024\/11\/Mat_trg_2.jpg 300w, https:\/\/trgovina-matematika.otroci.org\/wp-content\/uploads\/2024\/11\/Mat_trg_2-150x150.jpg 150w, https:\/\/trgovina-matematika.otroci.org\/wp-content\/uploads\/2024\/11\/Mat_trg_2-100x100.jpg 100w\" sizes=\"auto, (max-width: 300px) 100vw, 300px\" \/><\/div>\n\t\t\t\t\t<div class=\"wc-block-grid__product-title\">Matematika 2. razred<\/div>\n\t\t\t\t<\/a>\n\t\t\t\t<div class=\"wc-block-grid__product-price price\"><del aria-hidden=\"true\"><span class=\"woocommerce-Price-amount amount\">41,14&nbsp;<span class=\"woocommerce-Price-currencySymbol\">&euro;<\/span><\/span><\/del> <span class=\"screen-reader-text\">Izvorna cijena bila je: 41,14&nbsp;&euro;.<\/span><ins aria-hidden=\"true\"><span class=\"woocommerce-Price-amount amount\">28,80&nbsp;<span class=\"woocommerce-Price-currencySymbol\">&euro;<\/span><\/span><\/ins><span class=\"screen-reader-text\">Trenutna cijena je: 28,80&nbsp;&euro;.<\/span><\/div>\n\t\t\t\t\n\t\t\t\t<div class=\"wp-block-button wc-block-grid__product-add-to-cart\"><a href=\"?add-to-cart=636\" aria-label=\"Dodaj u ko\u0161aricu: &quot;Matematika 2. razred&quot;\" data-quantity=\"1\" data-product_id=\"636\" data-product_sku=\"\" data-price=\"28.8\" rel=\"nofollow\" class=\"wp-block-button__link  add_to_cart_button ajax_add_to_cart\">Dodaj u ko\u0161aricu<\/a><\/div>\n\t\t\t<\/li><li class=\"wc-block-grid__product\">\n\t\t\t\t<a href=\"https:\/\/trgovina-matematika.otroci.org\/index.php\/izdelek\/matematika-1-razred\/\" class=\"wc-block-grid__product-link\">\n\t\t\t\t\t<div class=\"wc-block-grid__product-onsale\">\n\t\t\t<span aria-hidden=\"true\">Sni\u017eenje<\/span>\n\t\t\t<span class=\"screen-reader-text\">Proizvod na akciji<\/span>\n\t\t<\/div>\n\t\t\t\t\t<div class=\"wc-block-grid__product-image\"><img loading=\"lazy\" decoding=\"async\" width=\"300\" height=\"300\" src=\"https:\/\/trgovina-matematika.otroci.org\/wp-content\/uploads\/2024\/11\/Mat_trg_1.jpg\" class=\"attachment-woocommerce_thumbnail size-woocommerce_thumbnail\" alt=\"Radni list iz matematike s jednostavnim zadacima za vje\u017ebu eksponenata. List sadr\u017ei prazna polja za unos rezultata i prostor za ime i datum.\" srcset=\"https:\/\/trgovina-matematika.otroci.org\/wp-content\/uploads\/2024\/11\/Mat_trg_1.jpg 300w, https:\/\/trgovina-matematika.otroci.org\/wp-content\/uploads\/2024\/11\/Mat_trg_1-150x150.jpg 150w, https:\/\/trgovina-matematika.otroci.org\/wp-content\/uploads\/2024\/11\/Mat_trg_1-100x100.jpg 100w\" sizes=\"auto, (max-width: 300px) 100vw, 300px\" \/><\/div>\n\t\t\t\t\t<div class=\"wc-block-grid__product-title\">Matematika 1. razred<\/div>\n\t\t\t\t<\/a>\n\t\t\t\t<div class=\"wc-block-grid__product-price price\"><del aria-hidden=\"true\"><span class=\"woocommerce-Price-amount amount\">41,14&nbsp;<span class=\"woocommerce-Price-currencySymbol\">&euro;<\/span><\/span><\/del> <span class=\"screen-reader-text\">Izvorna cijena bila je: 41,14&nbsp;&euro;.<\/span><ins aria-hidden=\"true\"><span class=\"woocommerce-Price-amount amount\">28,80&nbsp;<span class=\"woocommerce-Price-currencySymbol\">&euro;<\/span><\/span><\/ins><span class=\"screen-reader-text\">Trenutna cijena je: 28,80&nbsp;&euro;.<\/span><\/div>\n\t\t\t\t\n\t\t\t\t<div class=\"wp-block-button wc-block-grid__product-add-to-cart\"><a href=\"?add-to-cart=635\" aria-label=\"Dodaj u ko\u0161aricu: &quot;Matematika 1. razred&quot;\" data-quantity=\"1\" data-product_id=\"635\" data-product_sku=\"\" data-price=\"28.8\" rel=\"nofollow\" class=\"wp-block-button__link  add_to_cart_button ajax_add_to_cart\">Dodaj u ko\u0161aricu<\/a><\/div>\n\t\t\t<\/li><\/ul><\/div><\/div><\/div>","protected":false},"excerpt":{"rendered":"","protected":false},"author":1,"featured_media":0,"parent":0,"menu_order":0,"comment_status":"closed","ping_status":"closed","template":"","meta":{"om_disable_all_campaigns":false,"_monsterinsights_skip_tracking":false,"_monsterinsights_sitenote_active":false,"_monsterinsights_sitenote_note":"","_monsterinsights_sitenote_category":0,"_uf_show_specific_survey":0,"_uf_disable_surveys":false,"footnotes":""},"class_list":["post-531","page","type-page","status-publish","hentry"],"aioseo_notices":[],"aioseo_head":"\n\t\t<!-- All in One SEO Pro 4.7.9 - aioseo.com -->\n\t\t<meta name=\"description\" content=\"Mogo\u010de bi vas zanimalo ... Va\u0161a ko\u0161arica je trenutno prazna! Novo v trgovini\" \/>\n\t\t<meta name=\"robots\" content=\"noindex, max-image-preview:large\" \/>\n\t\t<meta name=\"google-site-verification\" content=\"mnf8K-O4G6Hs56tDE8E9dRdEoHAJVkwJ6isBJVOr_cc\" \/>\n\t\t<link rel=\"canonical\" href=\"https:\/\/trgovina-matematika.otroci.org\/index.php\/kosarica\/\" \/>\n\t\t<meta name=\"generator\" content=\"All in One SEO Pro (AIOSEO) 4.7.9\" \/>\n\t\t<meta property=\"og:locale\" content=\"hr_HR\" \/>\n\t\t<meta property=\"og:site_name\" content=\"Matematika -\" \/>\n\t\t<meta property=\"og:type\" content=\"article\" \/>\n\t\t<meta property=\"og:title\" content=\"Ko\u0161arica - Matematika\" \/>\n\t\t<meta property=\"og:description\" content=\"Mogo\u010de bi vas zanimalo ... Va\u0161a ko\u0161arica je trenutno prazna! Novo v trgovini\" \/>\n\t\t<meta property=\"og:url\" content=\"https:\/\/trgovina-matematika.otroci.org\/index.php\/kosarica\/\" \/>\n\t\t<meta property=\"og:image\" content=\"https:\/\/trgovina-matematika.otroci.org\/wp-content\/uploads\/2024\/11\/cropped-cropped-logo_matematika_otroci.jpg\" \/>\n\t\t<meta property=\"og:image:secure_url\" content=\"https:\/\/trgovina-matematika.otroci.org\/wp-content\/uploads\/2024\/11\/cropped-cropped-logo_matematika_otroci.jpg\" \/>\n\t\t<meta property=\"article:published_time\" content=\"2024-11-09T10:50:11+00:00\" \/>\n\t\t<meta property=\"article:modified_time\" content=\"2024-11-10T16:24:55+00:00\" \/>\n\t\t<meta name=\"twitter:card\" content=\"summary_large_image\" \/>\n\t\t<meta name=\"twitter:title\" content=\"Ko\u0161arica - Matematika\" \/>\n\t\t<meta name=\"twitter:description\" content=\"Mogo\u010de bi vas zanimalo ... Va\u0161a ko\u0161arica je trenutno prazna! Novo v trgovini\" \/>\n\t\t<meta name=\"twitter:image\" content=\"https:\/\/trgovina-matematika.otroci.org\/wp-content\/uploads\/2024\/11\/cropped-cropped-logo_matematika_otroci.jpg\" \/>\n\t\t<script type=\"application\/ld+json\" class=\"aioseo-schema\">\n\t\t\t{\"@context\":\"https:\\\/\\\/schema.org\",\"@graph\":[{\"@type\":\"BreadcrumbList\",\"@id\":\"https:\\\/\\\/trgovina-matematika.otroci.org\\\/index.php\\\/kosarica\\\/#breadcrumblist\",\"itemListElement\":[{\"@type\":\"ListItem\",\"@id\":\"https:\\\/\\\/trgovina-matematika.otroci.org\\\/#listItem\",\"position\":1,\"name\":\"Home\",\"item\":\"https:\\\/\\\/trgovina-matematika.otroci.org\\\/\",\"nextItem\":\"https:\\\/\\\/trgovina-matematika.otroci.org\\\/index.php\\\/kosarica\\\/#listItem\"},{\"@type\":\"ListItem\",\"@id\":\"https:\\\/\\\/trgovina-matematika.otroci.org\\\/index.php\\\/kosarica\\\/#listItem\",\"position\":2,\"name\":\"Ko\\u0161arica\",\"previousItem\":\"https:\\\/\\\/trgovina-matematika.otroci.org\\\/#listItem\"}]},{\"@type\":\"Organization\",\"@id\":\"https:\\\/\\\/trgovina-matematika.otroci.org\\\/#organization\",\"name\":\"Matematika\",\"url\":\"https:\\\/\\\/trgovina-matematika.otroci.org\\\/\",\"telephone\":\"+38641551313\",\"logo\":{\"@type\":\"ImageObject\",\"url\":\"https:\\\/\\\/trgovina-matematika.otroci.org\\\/wp-content\\\/uploads\\\/2024\\\/11\\\/cropped-cropped-logo_matematika_otroci.jpg\",\"@id\":\"https:\\\/\\\/trgovina-matematika.otroci.org\\\/index.php\\\/kosarica\\\/#organizationLogo\",\"width\":325,\"height\":104,\"caption\":\"Logo web stranice 'matematika.otroci.org' s raznobojnim slovima koja tvore rije\\u010d 'otroci', ispod koje je tekst 'Matematika - tajanstvena i \\u010darobna znanost'.\"},\"image\":{\"@id\":\"https:\\\/\\\/trgovina-matematika.otroci.org\\\/index.php\\\/kosarica\\\/#organizationLogo\"}},{\"@type\":\"WebPage\",\"@id\":\"https:\\\/\\\/trgovina-matematika.otroci.org\\\/index.php\\\/kosarica\\\/#webpage\",\"url\":\"https:\\\/\\\/trgovina-matematika.otroci.org\\\/index.php\\\/kosarica\\\/\",\"name\":\"Ko\\u0161arica - Matematika\",\"description\":\"Mogo\\u010de bi vas zanimalo ... Va\\u0161a ko\\u0161arica je trenutno prazna! Novo v trgovini\",\"inLanguage\":\"hr\",\"isPartOf\":{\"@id\":\"https:\\\/\\\/trgovina-matematika.otroci.org\\\/#website\"},\"breadcrumb\":{\"@id\":\"https:\\\/\\\/trgovina-matematika.otroci.org\\\/index.php\\\/kosarica\\\/#breadcrumblist\"},\"datePublished\":\"2024-11-09T11:50:11+01:00\",\"dateModified\":\"2024-11-10T17:24:55+01:00\"},{\"@type\":\"WebSite\",\"@id\":\"https:\\\/\\\/trgovina-matematika.otroci.org\\\/#website\",\"url\":\"https:\\\/\\\/trgovina-matematika.otroci.org\\\/\",\"name\":\"Matematika\",\"inLanguage\":\"hr\",\"publisher\":{\"@id\":\"https:\\\/\\\/trgovina-matematika.otroci.org\\\/#organization\"}}]}\n\t\t<\/script>\n\t\t<!-- All in One SEO Pro -->\r\n\t\t<title>Ko\u0161arica - Matematika<\/title>\n\n","aioseo_head_json":{"title":"Ko\u0161arica - Matematika","description":"Mogo\u010de bi vas zanimalo ... Va\u0161a ko\u0161arica je trenutno prazna! Novo v trgovini","canonical_url":"https:\/\/trgovina-matematika.otroci.org\/index.php\/kosarica\/","robots":"noindex, max-image-preview:large","keywords":"","webmasterTools":{"google-site-verification":"mnf8K-O4G6Hs56tDE8E9dRdEoHAJVkwJ6isBJVOr_cc","miscellaneous":""},"og:locale":"hr_HR","og:site_name":"Matematika -","og:type":"article","og:title":"Ko\u0161arica - Matematika","og:description":"Mogo\u010de bi vas zanimalo ... Va\u0161a ko\u0161arica je trenutno prazna! Novo v trgovini","og:url":"https:\/\/trgovina-matematika.otroci.org\/index.php\/kosarica\/","og:image":"https:\/\/trgovina-matematika.otroci.org\/wp-content\/uploads\/2024\/11\/cropped-cropped-logo_matematika_otroci.jpg","og:image:secure_url":"https:\/\/trgovina-matematika.otroci.org\/wp-content\/uploads\/2024\/11\/cropped-cropped-logo_matematika_otroci.jpg","article:published_time":"2024-11-09T10:50:11+00:00","article:modified_time":"2024-11-10T16:24:55+00:00","twitter:card":"summary_large_image","twitter:title":"Ko\u0161arica - Matematika","twitter:description":"Mogo\u010de bi vas zanimalo ... Va\u0161a ko\u0161arica je trenutno prazna! Novo v trgovini","twitter:image":"https:\/\/trgovina-matematika.otroci.org\/wp-content\/uploads\/2024\/11\/cropped-cropped-logo_matematika_otroci.jpg","schema":{"@context":"https:\/\/schema.org","@graph":[{"@type":"BreadcrumbList","@id":"https:\/\/trgovina-matematika.otroci.org\/index.php\/kosarica\/#breadcrumblist","itemListElement":[{"@type":"ListItem","@id":"https:\/\/trgovina-matematika.otroci.org\/#listItem","position":1,"name":"Home","item":"https:\/\/trgovina-matematika.otroci.org\/","nextItem":"https:\/\/trgovina-matematika.otroci.org\/index.php\/kosarica\/#listItem"},{"@type":"ListItem","@id":"https:\/\/trgovina-matematika.otroci.org\/index.php\/kosarica\/#listItem","position":2,"name":"Ko\u0161arica","previousItem":"https:\/\/trgovina-matematika.otroci.org\/#listItem"}]},{"@type":"Organization","@id":"https:\/\/trgovina-matematika.otroci.org\/#organization","name":"Matematika","url":"https:\/\/trgovina-matematika.otroci.org\/","telephone":"+38641551313","logo":{"@type":"ImageObject","url":"https:\/\/trgovina-matematika.otroci.org\/wp-content\/uploads\/2024\/11\/cropped-cropped-logo_matematika_otroci.jpg","@id":"https:\/\/trgovina-matematika.otroci.org\/index.php\/kosarica\/#organizationLogo","width":325,"height":104,"caption":"Logo web stranice 'matematika.otroci.org' s raznobojnim slovima koja tvore rije\u010d 'otroci', ispod koje je tekst 'Matematika - tajanstvena i \u010darobna znanost'."},"image":{"@id":"https:\/\/trgovina-matematika.otroci.org\/index.php\/kosarica\/#organizationLogo"}},{"@type":"WebPage","@id":"https:\/\/trgovina-matematika.otroci.org\/index.php\/kosarica\/#webpage","url":"https:\/\/trgovina-matematika.otroci.org\/index.php\/kosarica\/","name":"Ko\u0161arica - Matematika","description":"Mogo\u010de bi vas zanimalo ... Va\u0161a ko\u0161arica je trenutno prazna! Novo v trgovini","inLanguage":"hr","isPartOf":{"@id":"https:\/\/trgovina-matematika.otroci.org\/#website"},"breadcrumb":{"@id":"https:\/\/trgovina-matematika.otroci.org\/index.php\/kosarica\/#breadcrumblist"},"datePublished":"2024-11-09T11:50:11+01:00","dateModified":"2024-11-10T17:24:55+01:00"},{"@type":"WebSite","@id":"https:\/\/trgovina-matematika.otroci.org\/#website","url":"https:\/\/trgovina-matematika.otroci.org\/","name":"Matematika","inLanguage":"hr","publisher":{"@id":"https:\/\/trgovina-matematika.otroci.org\/#organization"}}]}},"aioseo_meta_data":{"post_id":"531","title":null,"description":null,"keywords":null,"keyphrases":null,"primary_term":null,"canonical_url":null,"og_title":null,"og_description":null,"og_object_type":"default","og_image_type":"default","og_image_url":null,"og_image_width":null,"og_image_height":null,"og_image_custom_url":null,"og_image_custom_fields":null,"og_video":null,"og_custom_url":null,"og_article_section":null,"og_article_tags":null,"twitter_use_og":false,"twitter_card":"default","twitter_image_type":"default","twitter_image_url":null,"twitter_image_custom_url":null,"twitter_image_custom_fields":null,"twitter_title":null,"twitter_description":null,"schema":{"blockGraphs":[],"customGraphs":[],"default":{"data":{"Article":[],"Course":[],"Dataset":[],"FAQPage":[],"Movie":[],"Person":[],"Product":[],"ProductReview":[],"Car":[],"Recipe":[],"Service":[],"SoftwareApplication":[],"WebPage":[]},"graphName":"","isEnabled":true},"graphs":[]},"schema_type":"default","schema_type_options":null,"pillar_content":false,"robots_default":false,"robots_noindex":true,"robots_noarchive":false,"robots_nosnippet":false,"robots_nofollow":false,"robots_noimageindex":false,"robots_noodp":false,"robots_notranslate":false,"robots_max_snippet":null,"robots_max_videopreview":null,"robots_max_imagepreview":"large","priority":null,"frequency":null,"local_seo":null,"limit_modified_date":false,"open_ai":null,"created":"2024-11-10 17:22:09","updated":"2024-11-10 17:22:09"},"aioseo_breadcrumb":"<div class=\"aioseo-breadcrumbs\"><span class=\"aioseo-breadcrumb\">\n\t<a href=\"https:\/\/trgovina-matematika.otroci.org\" title=\"Home\">Home<\/a>\n<\/span><span class=\"aioseo-breadcrumb-separator\">&raquo;<\/span><span class=\"aioseo-breadcrumb\">\n\tKo\u0161arica\n<\/span><\/div>","aioseo_breadcrumb_json":[{"label":"Home","link":"https:\/\/trgovina-matematika.otroci.org"},{"label":"Ko\u0161arica","link":"https:\/\/trgovina-matematika.otroci.org\/index.php\/kosarica\/"}],"_links":{"self":[{"href":"https:\/\/trgovina-matematika.otroci.org\/index.php\/wp-json\/wp\/v2\/pages\/531","targetHints":{"allow":["GET"]}}],"collection":[{"href":"https:\/\/trgovina-matematika.otroci.org\/index.php\/wp-json\/wp\/v2\/pages"}],"about":[{"href":"https:\/\/trgovina-matematika.otroci.org\/index.php\/wp-json\/wp\/v2\/types\/page"}],"author":[{"embeddable":true,"href":"https:\/\/trgovina-matematika.otroci.org\/index.php\/wp-json\/wp\/v2\/users\/1"}],"replies":[{"embeddable":true,"href":"https:\/\/trgovina-matematika.otroci.org\/index.php\/wp-json\/wp\/v2\/comments?post=531"}],"version-history":[{"count":1,"href":"https:\/\/trgovina-matematika.otroci.org\/index.php\/wp-json\/wp\/v2\/pages\/531\/revisions"}],"predecessor-version":[{"id":580,"href":"https:\/\/trgovina-matematika.otroci.org\/index.php\/wp-json\/wp\/v2\/pages\/531\/revisions\/580"}],"wp:attachment":[{"href":"https:\/\/trgovina-matematika.otroci.org\/index.php\/wp-json\/wp\/v2\/media?parent=531"}],"curies":[{"name":"wp","href":"https:\/\/api.w.org\/{rel}","templated":true}]}}