{"id":3,"date":"2024-11-09T11:42:31","date_gmt":"2024-11-09T10:42:31","guid":{"rendered":"https:\/\/trgovina-matematika.otroci.org\/?page_id=3"},"modified":"2024-11-10T17:22:16","modified_gmt":"2024-11-10T16:22:16","slug":"pravilnik-o-zasebnosti","status":"publish","type":"page","link":"https:\/\/trgovina-matematika.otroci.org\/index.php\/pravilnik-o-zasebnosti\/","title":{"rendered":"Pravilnik o privatnosti"},"content":{"rendered":"<p>Sukladno s novom Europskom uredbom o za\u0161titi osobnih podataka (GDPR), za prikupljanje osobnih podataka potrebna je suglasnost pojedinca.<\/p><p>Suglasnost mora biti dana jasnim potvrdnim \u010dinom koji zna\u010di da je pojedinac dobrovoljno, posebno, svjesno i nedvosmisleno dao suglasnost za obradu osobnih podataka. Svaki pojedinac mora biti spreman pro\u010ditati op\u0107e uvjete u kojima je izra\u017eena svrha za koju \u0107e se ti podaci koristiti.<\/p><p>Naravnanost prema za\u0161titi privatnosti izuzetno je va\u017ena za nas na web stranici matematika.otroci.org. Ovaj Pravilnik o privatnosti ima svrhu da vam pru\u017ei informacije o tome kako prikupljamo, koristimo i \u010duvamo va\u0161e osobne podatke u skladu s Op\u0107om uredbom o za\u0161titi podataka (GDPR).<\/p><p>Koje osobne podatke prikupljamo i za\u0161to?<\/p><p>Prilikom posjete na\u0161oj web stranici, mo\u017eemo prikupiti odre\u0111ene informacije kao \u0161to su IP adresa, vrsta preglednika, jezik, datum i vrijeme pristupa. Ove informacije koristimo za analizu posje\u0107enosti i pobolj\u0161anje iskustva korisnika na stranici.<\/p><p>Ukoliko se prijavite za na\u0161 newsletter ili ostavite komentar na nekom od \u010dlanaka, mo\u017eemo prikupiti va\u0161e ime, e-mail adresu i druge dobrovoljno pru\u017eene informacije. Ove podatke koristimo kako bismo vam pru\u017eili relevantne informacije i obavijesti o na\u0161em sadr\u017eaju.<\/p><p>Kola\u010di\u0107i i tehnologije pra\u0107enja<\/p><p>Koristimo kola\u010di\u0107e i sli\u010dne tehnologije kako bismo pobolj\u0161ali funkcionalnost na\u0161e web stranice i pru\u017eili vam bolje iskustvo pregledavanja. Mo\u017eete upravljati postavkama kola\u010di\u0107a putem postavki svog preglednika.<\/p><p>Pravilnik o kola\u010di\u0107ima pro\u010ditajte <a href=\"https:\/\/matematika.otroci.org\/index.php\/pravilnik-o-piskotkih-eu\/\" title=\"\">ovdje <\/a>.<\/p><p>Dijeljenje podataka s tre\u0107ima<\/p><p>Va\u0161e osobne podatke ne dijelimo s tre\u0107im stranama osim u slu\u010dajevima kada je to potrebno za pru\u017eanje usluga na web stranici (npr. procesiranje pla\u0107anja za proizvode koje ste naru\u010dili) ili kada to zahtijeva zakon.<\/p><p>Va\u0161a prava<\/p><p>Imate pravo zatra\u017eiti pristup svojim osobnim podacima koje \u010duvamo te ispravak ili brisanje tih podataka u skladu s va\u017ee\u0107im zakonima. Tako\u0111er, mo\u017eete se odjaviti od primanja na\u0161ih obavijesti u bilo kojem trenutku.<\/p><p>Sigurnost podataka<\/p><p>Poduzimamo odgovaraju\u0107e tehni\u010dke i organizacijske mjere kako bismo za\u0161titili va\u0161e osobne podatke od neovla\u0161tenog pristupa ili zloupotrebe.<\/p><p>Kontakt<\/p><p>Ako imate pitanja ili zahtjeve u vezi s na\u0161im Pravilnikom o privatnosti, slobodno nas kontaktirajte na E mail matematika@otroci.org .<\/p><p>Woo Commerce<\/p><p>Prikupljamo informacije o vama tijekom postupka naplate na na\u0161oj trgovini.<\/p><p>\u0160to prikupljamo i pohranjujemo<br>Dok pregledavate na\u0161u web stranicu, pratit \u0107emo sljede\u0107e:<\/p><p>Proizvodi koje ste pogledali: koristit \u0107emo ovo da bi, na primjer, prikazali proizvode koje ste nedavno pogledali.<br>Lokacija, IP adresa i vrsta preglednika: koristit \u0107emo to za svrhe kao \u0161to su procjena poreza i dostave<br>Adresa za dostavu: zatra\u017eit \u0107emo od vas da unesete ovo kako bismo, primjerice, mogli procijeniti cijenu\/opciju dostave prije slanja narud\u017ebe i\/ili poslati vam narud\u017ebu!<br>Tako\u0111er \u0107emo koristiti kola\u010di\u0107e kako bismo pratili sadr\u017eaj ko\u0161arice dok pregledavate na\u0161u web stranicu<\/p><p>Kada kupujete od nas, od vas \u0107emo tra\u017eiti da dajete podatke, uklju\u010duju\u0107i va\u0161e ime, adresu za naplatu, adresu za dostavu, adresu e-po\u0161te, telefonski broj, podatke o pla\u0107anju i opcionalne podatke o ra\u010dunu kao \u0161to su korisni\u010dko ime i zaporka. Koristit \u0107emo te podatke za svrhe, kao \u0161to su:<\/p><p>Slanje informacija o va\u0161em ra\u010dunu i narud\u017ebi<br>Odgovorite na zahtjeve, uklju\u010duju\u0107i povrate i prigovore<br>Obrada pla\u0107anja i sprje\u010davanje prijevare<br>Postavite korisni\u010dki ra\u010dun za na\u0161u trgovinu<br>Pridr\u017eavajte se svih zakonskih obveza koje imate, poput izra\u010duna poreza<br>Pobolj\u0161ajte ponudu va\u0161e trgovine<br>Slanje marketin\u0161kih poruka, ako ih odlu\u010dite primati<br>Ako izradite ra\u010dun, pohranit \u0107emo va\u0161e ime, adresu, email adresu i telefonski broj, koji \u0107e se upotrijebiti za popunjavanje polja naplate prilikom budu\u0107e narud\u017ebe.<\/p><p>Obi\u010dno pohranjujemo informacije o vama dok god trebamo va\u0161e podatke u svrhe za koje ih prikupljamo i upotrebljavamo, a nismo vi\u0161e zakonski obvezni da ih \u010duvamo. Na primjer, podatke o narud\u017ebi \u010duvamo 10 godina za porezne i ra\u010dunovodstvene svrhe. To uklju\u010duje va\u0161e ime, adresu e-po\u0161te i adrese za naplatu i dostavu.<\/p><p>Tako\u0111er \u0107emo pohraniti komentare ili recenzije, ako ih odlu\u010dite ostaviti.<\/p><p>Tko iz na\u0161eg tima ima pristup<br>\u010clanovi na\u0161eg tima imaju pristup informacijama koje nam dajete. Na primjer, administratori i upravitelji du\u0107ana mogu pristupiti:<\/p><p>Informacije o narud\u017ebi poput onoga \u0161to je kupljeno, kada je kupljeno, gdje treba poslati, i<br>Informacije o klijentima kao \u0161to su: va\u0161e ime, adresa e-po\u0161te i informacije o naplati i dostavi.<br>\u010clanovi na\u0161eg tima imaju pristup ovim informacijama kako bi ispunili narud\u017ebe, obradili povrate i pru\u017eali korisni\u010dku podr\u0161ku.<\/p><p>Pla\u0107anja<br>Prihva\u0107amo pla\u0107anja putem WooPayments. Prilikom obrade uplata, neki \u0107e podaci biti proslije\u0111eni WooPayments, uklju\u010duju\u0107i informacije potrebne za obradu ili podr\u0161ku pla\u0107anja, kao \u0161to su ukupni iznos kupnje i podaci o naplati.<\/p><p>Complianz<\/p><p>Ova web stranica koristi Complianz-ov Paket privatnosti za WordPress za prikupljanje i spremanje suglasnosti zasnovanih na pregledniku i ure\u0111aju. Za ovu funkcionalnost va\u0161a IP adresa je anonimizirana i pohranjena u na\u0161oj bazi podataka. Ova usluga ne obra\u0111uje nikakve osobne podatke i ne dijeli podatke s pru\u017eateljem usluga. Za vi\u0161e informacija pogledajte Complianz Izjavu o privatnosti.<\/p><p>Akismet<\/p><p>Prikupljamo informacije o posjetiteljima koji komentiraju na web-stranicama koje koriste na\u0161u Akismet anti-spam uslugu. Informacije koje prikupljamo ovise o tome kako je Korisnik podesio Akismet za web-stranicu, ali to obi\u010dno uklju\u010duje IP adresu komentatora, korisni\u010dki agent, referent i URL web-stranice (skupa s ostalim informacijama koje komentator direktno dostavlja, poput njihovog imena, korisni\u010dkog imena, adrese e-po\u0161te i samog komentara).<\/p><h2 class=\"wp-block-heading\">Uvjeti kori\u0161tenja<\/h2><p>Prije nego \u0161to nastavite s kori\u0161tenjem ove web stranice, molimo vas da pa\u017eljivo pro\u010ditate i razumijete sljede\u0107e uvjete kori\u0161tenja. Pristupom i kori\u0161tenjem ove web stranice sla\u017eete se s ovim uvjetima i obvezujete se da \u0107ete ih po\u0161tivati. Ako se ne sla\u017eete s bilo kojim dijelom ovih uvjeta, molimo vas da napustite web stranicu.<\/p><p>Intelektualno vlasni\u0161tvo<br>Sva autorska prava, trgova\u010dki znakovi i druga intelektualna vlasni\u0161tva na sadr\u017eaju ove web stranice (uklju\u010duju\u0107i, ali ne ograni\u010davaju\u0107i se na tekstove, slike, grafike, logotipe) pripadaju matematika.otroci.org ili su licencirana od strane odgovaraju\u0107ih vlasnika. Nije vam dopu\u0161teno reproducirati, distribuirati, kopirati ili koristiti bilo koji dio sadr\u017eaja bez izri\u010ditog pisanog dopu\u0161tenja vlasnika intelektualnog vlasni\u0161tva.<\/p><p>Informacije i sadr\u017eaj<br>Sav sadr\u017eaj na ovoj web stranici pru\u017een je samo u informativne svrhe. matematika.otroci.org ne preuzima odgovornost za to\u010dnost, potpunost ili pouzdanost informacija koje se nalaze na web stranici. Kori\u0161tenje informacija s web stranice vr\u0161i se isklju\u010divo na va\u0161u vlastitu odgovornost.<\/p><p>Vanjski linkovi<br>Ova web stranica mo\u017ee sadr\u017eavati veze do vanjskih web stranica koje nisu pod kontrolom matematika.otroci.org. Takvi vanjski linkovi pru\u017eaju se isklju\u010divo radi va\u0161e pogodnosti, i matematika.otroci.org ne preuzima odgovornost za sadr\u017eaj tih web stranica niti za bilo kakvu \u0161tetu ili gubitak koji mo\u017ee nastati kao rezultat njihovog kori\u0161tenja.<\/p><p>Za\u0161tita privatnosti<br>Va\u0161a privatnost nam je va\u017ena. Molimo vas da prou\u010dite na\u0161u Politiku privatnosti kako biste saznali kako prikupljamo, koristimo i \u0161titimo va\u0161e osobne podatke prilikom kori\u0161tenja ove web stranice.<\/p><p>Ograni\u010denja odgovornosti<br>U mjeri dopu\u0161tenoj zakonom, matematika.otroci.org ne snosi odgovornost za bilo kakvu \u0161tetu, gubitke ili tro\u0161kove koji proizlaze iz kori\u0161tenja ove web stranice ili nemogu\u0107nosti kori\u0161tenja, uklju\u010duju\u0107i, ali ne ograni\u010davaju\u0107i se na, direktne, neizrektne, posebne, slu\u010dajne ili posljedi\u010dne \u0161tete.<\/p><p>Promjene uvjeta<br>matematika.otroci.org zadr\u017eava pravo izmjene ovih uvjeta kori\u0161tenja u bilo kojem trenutku i bez prethodne najave. Preporu\u010dujemo vam da povremeno provjeravate ovu stranicu kako biste bili informirani o eventualnim promjenama.<\/p><p>Pristupanje web stranici<br>matematika.otroci.org zadr\u017eava pravo ograni\u010diti ili onemogu\u0107iti pristup web stranici u bilo kojem trenutku i iz bilo kojeg razloga, uklju\u010duju\u0107i tehni\u010dke pote\u0161ko\u0107e, odr\u017eavanje ili bilo kakve druge okolnosti.<\/p><p>Va\u0161e obveze<br>Prilikom kori\u0161tenja ove web stranice, obvezujete se da \u0107ete po\u0161tivati sve primjenjive zakone i propise te se suzdr\u017eati od bilo kakvog nezakonitog ili neprikladnog pona\u0161anja. Tako\u0111er se obvezujete da ne\u0107ete ometati ili o\u0161tetiti rad web stranice niti pristup drugim korisnicima.<\/p><p>Primjenjivi zakon<br>Ovi uvjeti kori\u0161tenja reguliraju se i tuma\u010de prema zakonima Republike Slovenije. Svaki spor koji proizlazi iz ili je u vezi s ovim uvjetima kori\u0161tenja podlije\u017ee isklju\u010divo nadle\u017enosti sudova u Sloveniji.<\/p><p>Hvala \u0161to ste pro\u010ditali uvjete kori\u0161tenja web stranice matematika.otroci.org. U slu\u010daju bilo kakvih pitanja ili nedoumica, slobodno nas kontaktirajte putem informacija za kontakt navedenih na web stranici.<\/p><p>Internetsku stranicu i trgovinu na matematika.otroci.org ure\u0111uje i upravlja<\/p><p>ARcom, Alojz Rakovec s.p.<br>Sp. Duplje 93, 4203 Duplje<br>Slovenija ( EU )<\/p><p>T : (+386) 41 55 13 13<br>E : matematika@otroci.org<\/p><p>Ovaj Pravilnik o privatnosti stupa na snagu od 24.08.2023. Pridr\u017eavamo pravo izmjene ovog Pravilnika, stoga ga redovito pregledavajte kako biste bili informirani o eventualnim promjenama.<\/p>","protected":false},"excerpt":{"rendered":"<p>Sukladno s novom Europskom uredbom o za\u0161titi osobnih podataka (GDPR), za prikupljanje osobnih podataka potrebna je suglasnost pojedinca. Suglasnost mora<\/p>\n","protected":false},"author":1,"featured_media":0,"parent":0,"menu_order":0,"comment_status":"closed","ping_status":"open","template":"","meta":{"om_disable_all_campaigns":false,"_monsterinsights_skip_tracking":false,"_monsterinsights_sitenote_active":false,"_monsterinsights_sitenote_note":"","_monsterinsights_sitenote_category":0,"_uf_show_specific_survey":0,"_uf_disable_surveys":false,"footnotes":""},"class_list":["post-3","page","type-page","status-publish","hentry"],"aioseo_notices":[],"aioseo_head":"\n\t\t<!-- All in One SEO Pro 4.7.9 - aioseo.com -->\n\t\t<meta name=\"description\" content=\"Sukladno s novom Europskom uredbom o za\u0161titi osobnih podataka (GDPR), za prikupljanje osobnih podataka potrebna je suglasnost pojedinca. Suglasnost mora biti dana jasnim potvrdnim \u010dinom koji zna\u010di da je pojedinac dobrovoljno, posebno, svjesno i nedvosmisleno dao suglasnost za obradu osobnih podataka. Svaki pojedinac mora biti spreman pro\u010ditati op\u0107e uvjete u kojima je izra\u017eena svrha za\" \/>\n\t\t<meta name=\"robots\" content=\"max-image-preview:large\" \/>\n\t\t<meta name=\"google-site-verification\" content=\"mnf8K-O4G6Hs56tDE8E9dRdEoHAJVkwJ6isBJVOr_cc\" \/>\n\t\t<link rel=\"canonical\" href=\"https:\/\/trgovina-matematika.otroci.org\/index.php\/pravilnik-o-zasebnosti\/\" \/>\n\t\t<meta name=\"generator\" content=\"All in One SEO Pro (AIOSEO) 4.7.9\" \/>\n\t\t<meta property=\"og:locale\" content=\"hr_HR\" \/>\n\t\t<meta property=\"og:site_name\" content=\"Matematika -\" \/>\n\t\t<meta property=\"og:type\" content=\"article\" \/>\n\t\t<meta property=\"og:title\" content=\"Pravilnik o privatnosti - Matematika\" \/>\n\t\t<meta property=\"og:description\" content=\"Sukladno s novom Europskom uredbom o za\u0161titi osobnih podataka (GDPR), za prikupljanje osobnih podataka potrebna je suglasnost pojedinca. Suglasnost mora biti dana jasnim potvrdnim \u010dinom koji zna\u010di da je pojedinac dobrovoljno, posebno, svjesno i nedvosmisleno dao suglasnost za obradu osobnih podataka. Svaki pojedinac mora biti spreman pro\u010ditati op\u0107e uvjete u kojima je izra\u017eena svrha za\" \/>\n\t\t<meta property=\"og:url\" content=\"https:\/\/trgovina-matematika.otroci.org\/index.php\/pravilnik-o-zasebnosti\/\" \/>\n\t\t<meta property=\"og:image\" content=\"https:\/\/trgovina-matematika.otroci.org\/wp-content\/uploads\/2024\/11\/cropped-cropped-logo_matematika_otroci.jpg\" \/>\n\t\t<meta property=\"og:image:secure_url\" content=\"https:\/\/trgovina-matematika.otroci.org\/wp-content\/uploads\/2024\/11\/cropped-cropped-logo_matematika_otroci.jpg\" \/>\n\t\t<meta property=\"article:published_time\" content=\"2024-11-09T10:42:31+00:00\" \/>\n\t\t<meta property=\"article:modified_time\" content=\"2024-11-10T16:22:16+00:00\" \/>\n\t\t<meta name=\"twitter:card\" content=\"summary_large_image\" \/>\n\t\t<meta name=\"twitter:title\" content=\"Pravilnik o privatnosti - Matematika\" \/>\n\t\t<meta name=\"twitter:description\" content=\"Sukladno s novom Europskom uredbom o za\u0161titi osobnih podataka (GDPR), za prikupljanje osobnih podataka potrebna je suglasnost pojedinca. Suglasnost mora biti dana jasnim potvrdnim \u010dinom koji zna\u010di da je pojedinac dobrovoljno, posebno, svjesno i nedvosmisleno dao suglasnost za obradu osobnih podataka. Svaki pojedinac mora biti spreman pro\u010ditati op\u0107e uvjete u kojima je izra\u017eena svrha za\" \/>\n\t\t<meta name=\"twitter:image\" content=\"https:\/\/trgovina-matematika.otroci.org\/wp-content\/uploads\/2024\/11\/cropped-cropped-logo_matematika_otroci.jpg\" \/>\n\t\t<script type=\"application\/ld+json\" class=\"aioseo-schema\">\n\t\t\t{\"@context\":\"https:\\\/\\\/schema.org\",\"@graph\":[{\"@type\":\"BreadcrumbList\",\"@id\":\"https:\\\/\\\/trgovina-matematika.otroci.org\\\/index.php\\\/pravilnik-o-zasebnosti\\\/#breadcrumblist\",\"itemListElement\":[{\"@type\":\"ListItem\",\"@id\":\"https:\\\/\\\/trgovina-matematika.otroci.org\\\/#listItem\",\"position\":1,\"name\":\"Home\",\"item\":\"https:\\\/\\\/trgovina-matematika.otroci.org\\\/\",\"nextItem\":\"https:\\\/\\\/trgovina-matematika.otroci.org\\\/index.php\\\/pravilnik-o-zasebnosti\\\/#listItem\"},{\"@type\":\"ListItem\",\"@id\":\"https:\\\/\\\/trgovina-matematika.otroci.org\\\/index.php\\\/pravilnik-o-zasebnosti\\\/#listItem\",\"position\":2,\"name\":\"Pravilnik o privatnosti\",\"previousItem\":\"https:\\\/\\\/trgovina-matematika.otroci.org\\\/#listItem\"}]},{\"@type\":\"Organization\",\"@id\":\"https:\\\/\\\/trgovina-matematika.otroci.org\\\/#organization\",\"name\":\"Matematika\",\"url\":\"https:\\\/\\\/trgovina-matematika.otroci.org\\\/\",\"telephone\":\"+38641551313\",\"logo\":{\"@type\":\"ImageObject\",\"url\":\"https:\\\/\\\/trgovina-matematika.otroci.org\\\/wp-content\\\/uploads\\\/2024\\\/11\\\/cropped-cropped-logo_matematika_otroci.jpg\",\"@id\":\"https:\\\/\\\/trgovina-matematika.otroci.org\\\/index.php\\\/pravilnik-o-zasebnosti\\\/#organizationLogo\",\"width\":325,\"height\":104,\"caption\":\"Logo web stranice 'matematika.otroci.org' s raznobojnim slovima koja tvore rije\\u010d 'otroci', ispod koje je tekst 'Matematika - tajanstvena i \\u010darobna znanost'.\"},\"image\":{\"@id\":\"https:\\\/\\\/trgovina-matematika.otroci.org\\\/index.php\\\/pravilnik-o-zasebnosti\\\/#organizationLogo\"}},{\"@type\":\"WebPage\",\"@id\":\"https:\\\/\\\/trgovina-matematika.otroci.org\\\/index.php\\\/pravilnik-o-zasebnosti\\\/#webpage\",\"url\":\"https:\\\/\\\/trgovina-matematika.otroci.org\\\/index.php\\\/pravilnik-o-zasebnosti\\\/\",\"name\":\"Pravilnik o privatnosti - Matematika\",\"description\":\"Sukladno s novom Europskom uredbom o za\\u0161titi osobnih podataka (GDPR), za prikupljanje osobnih podataka potrebna je suglasnost pojedinca. Suglasnost mora biti dana jasnim potvrdnim \\u010dinom koji zna\\u010di da je pojedinac dobrovoljno, posebno, svjesno i nedvosmisleno dao suglasnost za obradu osobnih podataka. Svaki pojedinac mora biti spreman pro\\u010ditati op\\u0107e uvjete u kojima je izra\\u017eena svrha za\",\"inLanguage\":\"hr\",\"isPartOf\":{\"@id\":\"https:\\\/\\\/trgovina-matematika.otroci.org\\\/#website\"},\"breadcrumb\":{\"@id\":\"https:\\\/\\\/trgovina-matematika.otroci.org\\\/index.php\\\/pravilnik-o-zasebnosti\\\/#breadcrumblist\"},\"datePublished\":\"2024-11-09T11:42:31+01:00\",\"dateModified\":\"2024-11-10T17:22:16+01:00\"},{\"@type\":\"WebSite\",\"@id\":\"https:\\\/\\\/trgovina-matematika.otroci.org\\\/#website\",\"url\":\"https:\\\/\\\/trgovina-matematika.otroci.org\\\/\",\"name\":\"Matematika\",\"inLanguage\":\"hr\",\"publisher\":{\"@id\":\"https:\\\/\\\/trgovina-matematika.otroci.org\\\/#organization\"}}]}\n\t\t<\/script>\n\t\t<!-- All in One SEO Pro -->\r\n\t\t<title>Pravilnik o privatnosti - Matematika<\/title>\n\n","aioseo_head_json":{"title":"Pravilnik o privatnosti - Matematika","description":"Sukladno s novom Europskom uredbom o za\u0161titi osobnih podataka (GDPR), za prikupljanje osobnih podataka potrebna je suglasnost pojedinca. Suglasnost mora biti dana jasnim potvrdnim \u010dinom koji zna\u010di da je pojedinac dobrovoljno, posebno, svjesno i nedvosmisleno dao suglasnost za obradu osobnih podataka. Svaki pojedinac mora biti spreman pro\u010ditati op\u0107e uvjete u kojima je izra\u017eena svrha za","canonical_url":"https:\/\/trgovina-matematika.otroci.org\/index.php\/pravilnik-o-zasebnosti\/","robots":"max-image-preview:large","keywords":"","webmasterTools":{"google-site-verification":"mnf8K-O4G6Hs56tDE8E9dRdEoHAJVkwJ6isBJVOr_cc","miscellaneous":""},"og:locale":"hr_HR","og:site_name":"Matematika -","og:type":"article","og:title":"Pravilnik o privatnosti - Matematika","og:description":"Sukladno s novom Europskom uredbom o za\u0161titi osobnih podataka (GDPR), za prikupljanje osobnih podataka potrebna je suglasnost pojedinca. Suglasnost mora biti dana jasnim potvrdnim \u010dinom koji zna\u010di da je pojedinac dobrovoljno, posebno, svjesno i nedvosmisleno dao suglasnost za obradu osobnih podataka. Svaki pojedinac mora biti spreman pro\u010ditati op\u0107e uvjete u kojima je izra\u017eena svrha za","og:url":"https:\/\/trgovina-matematika.otroci.org\/index.php\/pravilnik-o-zasebnosti\/","og:image":"https:\/\/trgovina-matematika.otroci.org\/wp-content\/uploads\/2024\/11\/cropped-cropped-logo_matematika_otroci.jpg","og:image:secure_url":"https:\/\/trgovina-matematika.otroci.org\/wp-content\/uploads\/2024\/11\/cropped-cropped-logo_matematika_otroci.jpg","article:published_time":"2024-11-09T10:42:31+00:00","article:modified_time":"2024-11-10T16:22:16+00:00","twitter:card":"summary_large_image","twitter:title":"Pravilnik o privatnosti - Matematika","twitter:description":"Sukladno s novom Europskom uredbom o za\u0161titi osobnih podataka (GDPR), za prikupljanje osobnih podataka potrebna je suglasnost pojedinca. Suglasnost mora biti dana jasnim potvrdnim \u010dinom koji zna\u010di da je pojedinac dobrovoljno, posebno, svjesno i nedvosmisleno dao suglasnost za obradu osobnih podataka. Svaki pojedinac mora biti spreman pro\u010ditati op\u0107e uvjete u kojima je izra\u017eena svrha za","twitter:image":"https:\/\/trgovina-matematika.otroci.org\/wp-content\/uploads\/2024\/11\/cropped-cropped-logo_matematika_otroci.jpg","schema":{"@context":"https:\/\/schema.org","@graph":[{"@type":"BreadcrumbList","@id":"https:\/\/trgovina-matematika.otroci.org\/index.php\/pravilnik-o-zasebnosti\/#breadcrumblist","itemListElement":[{"@type":"ListItem","@id":"https:\/\/trgovina-matematika.otroci.org\/#listItem","position":1,"name":"Home","item":"https:\/\/trgovina-matematika.otroci.org\/","nextItem":"https:\/\/trgovina-matematika.otroci.org\/index.php\/pravilnik-o-zasebnosti\/#listItem"},{"@type":"ListItem","@id":"https:\/\/trgovina-matematika.otroci.org\/index.php\/pravilnik-o-zasebnosti\/#listItem","position":2,"name":"Pravilnik o privatnosti","previousItem":"https:\/\/trgovina-matematika.otroci.org\/#listItem"}]},{"@type":"Organization","@id":"https:\/\/trgovina-matematika.otroci.org\/#organization","name":"Matematika","url":"https:\/\/trgovina-matematika.otroci.org\/","telephone":"+38641551313","logo":{"@type":"ImageObject","url":"https:\/\/trgovina-matematika.otroci.org\/wp-content\/uploads\/2024\/11\/cropped-cropped-logo_matematika_otroci.jpg","@id":"https:\/\/trgovina-matematika.otroci.org\/index.php\/pravilnik-o-zasebnosti\/#organizationLogo","width":325,"height":104,"caption":"Logo web stranice 'matematika.otroci.org' s raznobojnim slovima koja tvore rije\u010d 'otroci', ispod koje je tekst 'Matematika - tajanstvena i \u010darobna znanost'."},"image":{"@id":"https:\/\/trgovina-matematika.otroci.org\/index.php\/pravilnik-o-zasebnosti\/#organizationLogo"}},{"@type":"WebPage","@id":"https:\/\/trgovina-matematika.otroci.org\/index.php\/pravilnik-o-zasebnosti\/#webpage","url":"https:\/\/trgovina-matematika.otroci.org\/index.php\/pravilnik-o-zasebnosti\/","name":"Pravilnik o privatnosti - Matematika","description":"Sukladno s novom Europskom uredbom o za\u0161titi osobnih podataka (GDPR), za prikupljanje osobnih podataka potrebna je suglasnost pojedinca. Suglasnost mora biti dana jasnim potvrdnim \u010dinom koji zna\u010di da je pojedinac dobrovoljno, posebno, svjesno i nedvosmisleno dao suglasnost za obradu osobnih podataka. Svaki pojedinac mora biti spreman pro\u010ditati op\u0107e uvjete u kojima je izra\u017eena svrha za","inLanguage":"hr","isPartOf":{"@id":"https:\/\/trgovina-matematika.otroci.org\/#website"},"breadcrumb":{"@id":"https:\/\/trgovina-matematika.otroci.org\/index.php\/pravilnik-o-zasebnosti\/#breadcrumblist"},"datePublished":"2024-11-09T11:42:31+01:00","dateModified":"2024-11-10T17:22:16+01:00"},{"@type":"WebSite","@id":"https:\/\/trgovina-matematika.otroci.org\/#website","url":"https:\/\/trgovina-matematika.otroci.org\/","name":"Matematika","inLanguage":"hr","publisher":{"@id":"https:\/\/trgovina-matematika.otroci.org\/#organization"}}]}},"aioseo_meta_data":{"post_id":"3","title":null,"description":null,"keywords":null,"keyphrases":null,"primary_term":null,"canonical_url":null,"og_title":null,"og_description":null,"og_object_type":"default","og_image_type":"default","og_image_url":null,"og_image_width":null,"og_image_height":null,"og_image_custom_url":null,"og_image_custom_fields":null,"og_video":null,"og_custom_url":null,"og_article_section":null,"og_article_tags":null,"twitter_use_og":false,"twitter_card":"default","twitter_image_type":"default","twitter_image_url":null,"twitter_image_custom_url":null,"twitter_image_custom_fields":null,"twitter_title":null,"twitter_description":null,"schema":{"blockGraphs":[],"customGraphs":[],"default":{"data":{"Article":[],"Course":[],"Dataset":[],"FAQPage":[],"Movie":[],"Person":[],"Product":[],"ProductReview":[],"Car":[],"Recipe":[],"Service":[],"SoftwareApplication":[],"WebPage":[]},"graphName":"","isEnabled":true},"graphs":[]},"schema_type":"default","schema_type_options":null,"pillar_content":false,"robots_default":true,"robots_noindex":false,"robots_noarchive":false,"robots_nosnippet":false,"robots_nofollow":false,"robots_noimageindex":false,"robots_noodp":false,"robots_notranslate":false,"robots_max_snippet":null,"robots_max_videopreview":null,"robots_max_imagepreview":"large","priority":null,"frequency":null,"local_seo":null,"limit_modified_date":false,"open_ai":null,"created":"2024-11-10 17:22:09","updated":"2024-11-10 17:22:09"},"aioseo_breadcrumb":"<div class=\"aioseo-breadcrumbs\"><span class=\"aioseo-breadcrumb\">\n\t<a href=\"https:\/\/trgovina-matematika.otroci.org\" title=\"Home\">Home<\/a>\n<\/span><span class=\"aioseo-breadcrumb-separator\">&raquo;<\/span><span class=\"aioseo-breadcrumb\">\n\tPravilnik o privatnosti\n<\/span><\/div>","aioseo_breadcrumb_json":[{"label":"Home","link":"https:\/\/trgovina-matematika.otroci.org"},{"label":"Pravilnik o privatnosti","link":"https:\/\/trgovina-matematika.otroci.org\/index.php\/pravilnik-o-zasebnosti\/"}],"_links":{"self":[{"href":"https:\/\/trgovina-matematika.otroci.org\/index.php\/wp-json\/wp\/v2\/pages\/3","targetHints":{"allow":["GET"]}}],"collection":[{"href":"https:\/\/trgovina-matematika.otroci.org\/index.php\/wp-json\/wp\/v2\/pages"}],"about":[{"href":"https:\/\/trgovina-matematika.otroci.org\/index.php\/wp-json\/wp\/v2\/types\/page"}],"author":[{"embeddable":true,"href":"https:\/\/trgovina-matematika.otroci.org\/index.php\/wp-json\/wp\/v2\/users\/1"}],"replies":[{"embeddable":true,"href":"https:\/\/trgovina-matematika.otroci.org\/index.php\/wp-json\/wp\/v2\/comments?post=3"}],"version-history":[{"count":1,"href":"https:\/\/trgovina-matematika.otroci.org\/index.php\/wp-json\/wp\/v2\/pages\/3\/revisions"}],"predecessor-version":[{"id":719,"href":"https:\/\/trgovina-matematika.otroci.org\/index.php\/wp-json\/wp\/v2\/pages\/3\/revisions\/719"}],"wp:attachment":[{"href":"https:\/\/trgovina-matematika.otroci.org\/index.php\/wp-json\/wp\/v2\/media?parent=3"}],"curies":[{"name":"wp","href":"https:\/\/api.w.org\/{rel}","templated":true}]}}